Let q = 19 - g. Let o = q - 10. List the prime factors of o.
2
Let u(v) = 7*v**2 + 14*v + 23. List the prime factors of u(-8).
359
Suppose -c = -6*c + 45. Let b = 13 - c. Suppose -3*u + b*p = -4, -2*u = 2*u + 3*p - 22. List the prime factors of u.
2
Let g(j) = 14*j + 5. List the prime factors of g(6).
89
Let a(r) = -r**3 - 3*r**2 + 4*r. Let s be a(-3). Let v = s + 18. List the prime factors of v.
2, 3
Let x(d) = 3*d - 7. Suppose -4*u = -5*u + 7. Let k be x(u). List the prime factors of k/6 - 1/3.
2
Let j be 16/(-88) + 24/11. Let c = 13 - j. Let t = c - 4. What are the prime factors of t?
7
Suppose 0 = a + 3*a - 128. List the prime factors of a.
2
Suppose 4*u - 29 + 3 = 3*k, u - k = 7. Suppose s - 4*i - 5 = -2*i, 25 = 5*s - u*i. List the prime factors of s.
5
Let r = 31 - 25. What are the prime factors of r?
2, 3
Let z(i) = -i**3 - 7*i**2 + 7*i - 6. Let s be ((-24)/(-4))/(6/(-8)). What are the prime factors of z(s)?
2
Let b = 26 - -2. List the prime factors of b.
2, 7
Let a = 4 - 4. Let i be (1*2)/(16/24). Suppose -i*u + u + 14 = a. What are the prime factors of u?
7
What are the prime factors of (26 - -2) + -1 + 1?
2, 7
Suppose 0 = 4*f - f + 2*m + 4, -4*f - 2*m = 4. Suppose 0*k = 2*k + 3*d - 28, 2*k - 2*d - 18 = f. What are the prime factors of k?
11
Suppose -h - 7 = 2*g + 2, -2*h = 6. What are the prime factors of (g - 1)/(10/(-20))?
2
Suppose 5*x + 6 - 125 = -2*z, -2*z + 4*x = -110. List the prime factors of z.
3, 19
Let a(m) = -5*m - 1. Let z be a(1). What are the prime factors of 40/1*(-3)/z?
2, 5
Suppose 0*w - 2*h = 3*w - 572, -2 = h. What are the prime factors of 2/11 - w/(-33)?
2, 3
Let w be (1 + -2)*(-16 - 1). Suppose 0*b = 3*p + 5*b - w, -2*p - 3*b + 11 = 0. Suppose -9 = -z + p*o - o, 0 = -z - 4*o + 2. What are the prime factors of z?
2, 3
Let t(j) = j**2 + 3*j. Let a be t(-6). Let v(i) = -i**3 - 4*i**2 + 7*i + 6. Let m be v(-6). Let q = m - a. What are the prime factors of q?
2, 3
Suppose -4*f - 33 - 3 = 0. Let o(q) = q + 13. Let j be o(f). Suppose 3*i = -2*k + 16, -3*k + 2*k = j*i - 23. What are the prime factors of i?
2, 3
List the prime factors of (22/3)/((-6)/(-18)).
2, 11
Let c = 229 + -157. What are the prime factors of c?
2, 3
Suppose -2*q - 4*x = 2*q - 36, 5*x - 25 = 0. Let a = q - 4. Suppose -n - n + 12 = a. What are the prime factors of n?
2, 3
Suppose 2 = 5*w - 3. What are the prime factors of w*(0 - 1)*-3?
3
Let z(h) be the first derivative of h**5/120 - h**4/6 + h**3/3 + 1. Let w(j) be the third derivative of z(j). List the prime factors of w(6).
2
Let g(y) = -y. Let q be g(-5). Let z = -2 + q. Suppose z*m = m + 26. What are the prime factors of m?
13
Let x(l) = 11*l - 20. Let s(a) = -4*a + 7. Let m(n) = -8*s(n) - 3*x(n). Let h be m(0). Let d = -2 + h. List the prime factors of d.
2
Suppose 2*h + 3 = h + 3*i, 11 = 5*h - 2*i. Suppose -3*j + h*s + 65 = -j, 5*s = 4*j - 125. List the prime factors of j.
5
Let r(i) = -i**3 - i**2 - i - 2. Let c(p) = -p**3 + 2*p**2 - 2*p + 2. Let y be c(2). Let h be r(y). What are the prime factors of (-2)/h - (-5)/2?
2
Suppose 4*k = 87 - 19. List the prime factors of k.
17
Let k(f) = -f**3 + 7*f**2 - 4*f. Suppose 4*q + d = 2 + 14, -q - 1 = -d. What are the prime factors of k(q)?
2, 3
Suppose 6*j + 290 = 5*h + j, 5*h + 5*j - 270 = 0. What are the prime factors of h?
2, 7
Suppose -g = -3*t - 3*g + 11, 4*g = -t + 17. Suppose -f - t = -3. Suppose 0*u = -5*u + 5*x - 5, -3*u = -2*x - f. What are the prime factors of u?
2
List the prime factors of 13 - (3 + 1 - 0).
3
Let l(b) = -9*b + 1. Let t be l(-1). Suppose -2*d - t = -4*d. Suppose 4*r + r = -3*g + 17, 0 = -2*g + d*r + 28. What are the prime factors of g?
3
Let o(v) = -v**2 - 8*v + 3. Let p be o(-8). Let d(k) = 3*k - k - 6 + p. What are the prime factors of d(4)?
5
Let u(p) = p + 7. Let d be u(-3). Let v(n) = 2*n - 4*n + d + 4*n. List the prime factors of v(4).
2, 3
Suppose -1 - 2 = 3*f. Let r = f - -3. Suppose -r*j - y = -2, 0 = j - 6*j - 3*y + 3. What are the prime factors of j?
3
Let w(v) = v**2 + 10*v + 8. Let s be w(-9). Let f(c) = -19*c - 1. What are the prime factors of f(s)?
2, 3
Suppose -5*n + 382 = -158. List the prime factors of n.
2, 3
Let c be (0 - -2)/((-8)/28). Let y(w) = -7*w - 10. List the prime factors of y(c).
3, 13
Let i = 32 + -17. Let b = i - 9. Suppose -a + 1 = -b. What are the prime factors of a?
7
Let a(o) = o**2 + 8*o - 3. Let f be a(-7). Let d be (-8)/f*50/4. Suppose -2 = w - d. List the prime factors of w.
2
What are the prime factors of ((-12)/14)/((-33)/154)?
2
Suppose -4*y - 4*j + 404 = 0, -3*y - 2*j + 317 = 14. List the prime factors of y.
101
Suppose -5*q + 13 = -2. Suppose 3*h - 45 = -q*r, 37 = 2*h + 4*r + 11. What are the prime factors of h?
17
What are the prime factors of 81/45 - (-1)/5?
2
Let s(x) = -2*x. Let c(m) = -5*m - 1. Let i(l) = 3*c(l) - 5*s(l). What are the prime factors of i(-4)?
17
Suppose -3*z + 8*z = 145. List the prime factors of z.
29
Suppose -n - 654 = 318. List the prime factors of n/(-30) + (-2)/5.
2
Let g be -7 + 100 + -3*1. Suppose -2*z + 2*m + g = 0, 5*z = -m + 104 + 97. List the prime factors of z/2 - (-1)/(-2).
2, 5
Let g(k) = -k + 4. Let p be g(8). Let v = p - -9. Suppose v*s - 38 = 32. What are the prime factors of s?
2, 7
Suppose -5*z - 182 = -502. Suppose -2*j + z = -j - 2*p, 0 = -j - 3*p + 39. List the prime factors of j.
2, 3
Suppose -l - 4 = -2*l. Let h(f) = f**3 - f**2 + f + 39. Let z be h(0). Suppose 0 = l*i - z + 7. List the prime factors of i.
2
Suppose 3*w + 6 = y, -3*y + 1 = 3*w - 29. Let g = -6 + y. What are the prime factors of 8*(-1 - (1 - g))?
2
Let t(o) = o**3 + 3*o**2 - 2*o + 4. Let h be t(-4). Let k(n) = -n**3 - 3*n**2 + 3. List the prime factors of k(h).
19
Suppose 0 = -x - 0 + 4. Suppose 5*t - 138 = x*n, 5*t = 5*n + 43 + 97. What are the prime factors of t?
2, 13
Let k(i) = -28*i + 3. Let d be k(-3). Suppose -9*l + d = -6*l. List the prime factors of l.
29
Let a = 4 + -10. Let n be (-3)/a + 22/4. List the prime factors of (5 - 1)/(2/n).
2, 3
Let c(v) = -1 + 2*v**2 + v + 2 - v**3 + v**2. Let i be c(3). Suppose -y + t = -i*t - 8, -5*y + t + 16 = 0. What are the prime factors of y?
3
Suppose 0 = -q - 4*q + 2*y + 331, -q = 3*y - 73. What are the prime factors of q?
67
Let v = 4 - 5. Let j be (v - 1) + 6/1. Let b = 6 - j. List the prime factors of b.
2
Suppose 4*l - 93 = -5*z, l = -z - 1 + 24. List the prime factors of l.
2, 11
Suppose -9*l = -3*l - 54. List the prime factors of l.
3
Let j(m) = 5*m - 6 - 9 + 0 + 8. List the prime factors of j(6).
23
Suppose -5*n = -5*y - 180, -5*n = -4*n + 5*y - 36. What are the prime factors of n?
2, 3
Let i = 2 + 12. What are the prime factors of i?
2, 7
Let m be -2 + (-1 - 12/(0 + -4)). Let c(j) = -2 + 7 - j - j**3 + 0. List the prime factors of c(m).
5
What are the prime factors of ((-78)/(4/(-2)))/((-3)/(-9))?
3, 13
Let p = -107 - -154. List the prime factors of p.
47
Let w = 118 - 67. What are the prime factors of w?
3, 17
Let q(c) = -c - 8. Let n be q(-7). Let s = 5 + n. What are the prime factors of s?
2
Let g(y) = y**2 - 13*y - 11. Let c be g(14). List the prime factors of 160/c + 6/(-18).
53
Suppose u + 5*w = 41, -3*w + 102 = 4*u + 23. Let a = -1 + 3. Suppose -4*p - a*y = -44, 0*y - u = -2*p - 4*y. What are the prime factors of p?
2, 3
Suppose 3*n + 20 = 7*n. Suppose -4*u = -n*u + 15. What are the prime factors of u?
3, 5
What are the prime factors of (-11)/55 - (-1412)/10?
3, 47
Let y(f) = 13*f**2 - 3*f - 3. Let a(c) = c**2 - c - 1. Let s(l) = -3*a(l) + y(l). List the prime factors of s(1).
2, 5
What are the prime factors of 0/(-4) - (-121 + 2)?
7, 17
Let f = 72 + -67. What are the prime factors of f?
5
Let v(k) = -5*k**2 - 4*k - 24. Let y(a) = 14*a**2 + 11*a + 71. Let f(h) = 11*v(h) + 4*y(h). Let b be f(0). Suppose -2*r - 2*r = -b. List the prime factors of r.
5
List the prime factors of (-1524)/(-10) - (-48)/80.
3, 17
Suppose i = -2*m + 57 + 55, 298 = 5*m - 2*i. What are the prime factors of m?
2, 29
Suppose 6 = 2*r - 2*d, -4*r + 3 + 9 = d. Suppose -r*i - 1 = 17. What are the prime factors of 20/i*(-3)/2?
5
Suppose 3*h = -2*h - 55. Let q be (h - -1)/((-4)/(-12)). Let t = -12 - q. What are the prime factors of t?
2, 3
Suppose 5*g - 7 = x, -x + 5*g - 1 = 3*g. Suppose 1 + x = o. Suppose -o*z + 2*z = -22. What are the pri